 d + 74 = 3*h, -h + q = -5*d + w. What is the remainder when h is divided by 8?
7
Suppose 4*q - 25 = -d, 3*d = -0*q - q + 20. Suppose 223 - 83 = d*f. Calculate the remainder when f is divided by 10.
8
Suppose 3*p - 6*p = 570. Calculate the remainder when 21 is divided by p/(-25) + (-4)/(-10).
5
Suppose -2*c + 125 = c + b, 5*c - 180 = 4*b. Calculate the remainder when c is divided by 14.
12
Let m be (-44)/(-55) - 12/(-10). Suppose s = -3*s - 3*y + 96, -127 = -5*s - m*y. What is the remainder when s is divided by 10?
7
Suppose -4*v - 5*k = -134, 8*v = 4*v + 2*k + 120. Suppose 4*t + 7 - v = 0. What is the remainder when t is divided by 4?
2
Suppose 54 = h + 5. Let j = 81 - h. Suppose 3*i - 4 - 47 = 0. What is the remainder when j is divided by i?
15
Let i(n) = 6*n**2 - n - 1. What is the remainder when (-2)/7 - (-2200)/56 is divided by i(2)?
18
Suppose -2*o + 2 = -o. Suppose o*u = 3*m + 207, 3*u - 4*m - 309 = m. Let k = u - 50. What is the remainder when k is divided by 20?
18
Let c = -26 - -37. Calculate the remainder when c is divided by 2 - 60/(-25) - 2/5.
3
Suppose -6*y + 11*y = 95. Let g = y - 1. What is the remainder when 52 is divided by g?
16
Let i = -29 + 57. Let d = i - -3. Let p(v) = -v**3 - 5*v**2 - 3*v - 4. What is the remainder when d is divided by p(-5)?
9
Suppose -2*m - 2*m + 53 = -l, -4*l = 3*m - 35. What is the remainder when 38 is divided by m?
12
Let n(s) = -3*s**3 + 8*s**2 - s - 2. Let t(a) = 4*a**3 - 9*a**2 + 3. Let w(h) = 5*n(h) + 4*t(h). Calculate the remainder when w(-5) is divided by 1.
0
Suppose 2*o - o + 2 = 3*c, -5*o - 3*c + 26 = 0. What is the remainder when 9 is divided by o?
1
Let l(o) = -58*o. What is the remainder when l(-1) is divided by 15?
13
Let t be ((-344)/20)/((-3)/30). Suppose 3*z - t = -4*l - z, 170 = 5*l - 4*z. Calculate the remainder when l is divided by 13.
12
Suppose 3*w + 4*q = -8, 0 = -w - 4*w + 5*q - 25. Let a be (5 - 2)/(6/w). What is the remainder when 1 - (74/a + 0) is divided by 13?
12
Let n = 42 + -34. What is the remainder when 78 is divided by n?
6
Let w = 11 - 6. Suppose 0*d + w*d = 80. Calculate the remainder when d is divided by 9.
7
Let u = 17 - 9. What is the remainder when 29 is divided by u?
5
Let r be ((-1)/(-2))/(-1)*6. Let d(z) = -4 + 2 - 13*z - 5*z - 1. Calculate the remainder when d(r) is divided by 13.
12
Let i(u) = -2*u**2 + 4*u - 2. Let x be i(2). What is the remainder when ((-450)/(-20))/(x/(-4)) is divided by 12?
9
Suppose 0 = -3*p + 32 - 11. What is the remainder when p is divided by (-84)/(-18) - (-2)/6?
2
Suppose 0 = 4*t - 0*h - 3*h - 197, 3*t - 145 = 5*h. Let v = 17 + -4. Calculate the remainder when t is divided by v.
11
Suppose 2*n + d + 4*d = 16, d + 54 = 4*n. Let k = -10 + 15. What is the remainder when n is divided by k?
3
Let t = -50 + 76. Calculate the remainder when 127 is divided by t.
23
Suppose -2*y + 2*x + 8 = -12, -4*x = -y - 2. Calculate the remainder when y is divided by 4.
2
Let m be (-1)/(2/6*1). Calculate the remainder when ((-26)/(-26))/((-1 + -1)/(-58)) is divided by (0 - (-10)/m)*-3.
9
Let s = 25 - 19. What is the remainder when (-14)/(-21) - (-44)/s is divided by 3?
2
What is the remainder when (1 + 12/(-9))*(1 + -22) is divided by 2?
1
Suppose 3*b = -8 + 2, -2*o - 3*b = 2. Let g(s) = -3*s + 2 + 6*s - o*s. Calculate the remainder when 2 is divided by g(0).
0
Let m be 6 + 1*4/2. What is the remainder when 50 is divided by (m/8)/(1/13)?
11
Suppose -2*j - 4*k = 2, 0 = -k - 1 - 1. Suppose -4*f + j*h - 7*h = -132, 0 = -5*f - h + 145. Calculate the remainder when 55 is divided by f.
27
Let f be 54*(8/6)/2. Suppose -25 = -w - 5*z, z = -3*w - 3 + f. What is the remainder when 39 is divided by w?
9
Let t(u) = 2*u + 0 + 5 + 2*u. Calculate the remainder when t(9) is divided by 14.
13
Let n(k) = 2*k**2 - 13*k - 11. Suppose -5*d + 85 = 5*o, o + 3*o = -4. Calculate the remainder when n(9) is divided by d.
16
Suppose 0 = -m + 2 + 12. Let j = 29 - 8. What is the remainder when m is divided by 99/j - (-2)/7?
4
Let t = 5 - 4. Let v be -2 + 3 - (-3)/t. Suppose -5*x = -v - 11. Calculate the remainder when 4 is divided by x.
1
Let g(c) = 2*c**3 - 3*c**2 - c - 1. Let x be g(3). Suppose -5*m + 0*m + 40 = 0. Suppose -m + x = 3*a. Calculate the remainder when 13 is divided by a.
3
Suppose 5*u + 3 = f, 2*f = 6*f - 5*u - 12. Suppose -4*s + 2*s = f*p - 44, 0 = p + 4. Suppose 0 = o + 3*o - s. What is the remainder when 20 is divided by o?
6
Let z(u) = -2*u**2 - 2*u. Let k be z(-6). Let w = -20 - k. Calculate the remainder when w is divided by 21.
19
Let o = 65 + -40. Calculate the remainder when 67 is divided by o.
17
Let l = -16 - -30. What is the remainder when l is divided by 4?
2
Suppose 0 = -5*c + 2*c - 3. Let u = c + 11. Calculate the remainder when 28 is divided by u.
8
Let a = -82 + 98. What is the remainder when 44 is divided by a?
12
Let i = 627 - 383. What is the remainder when i is divided by 35?
34
Suppose -2*r - 3*y + 11 = 3*r, 0 = -5*y - 15. Calculate the remainder when 11 is divided by 10/(-10) - (-1 - r).
3
Let z = 11 + -11. Suppose -3*p = -z*p - 21. What is the remainder when 25 is divided by p?
4
Suppose f + 2*c = -6, -4*f + 3*c + 2*c + 28 = 0. Calculate the remainder when -76*(-1)/4*f is divided by 20.
18
Suppose -83 = -6*z - 23. What is the remainder when 48 is divided by z?
8
Suppose 32 = 5*q - 28. Suppose 3*v - 3 - q = 0. Suppose 0 = -v*j + 65. What is the remainder when 25 is divided by j?
12
Let a(k) = -36*k**3 - k**2 - k. Let w be a(-1). Let j = w - -4. Calculate the remainder when j is divided by 14.
12
Suppose 0 = -q + 2*i + 13, -i + 50 = 2*q + 3*i. What is the remainder when q is divided by 5?
4
Let y(z) = -3*z + 2. Calculate the remainder when y(-4) is divided by 9.
5
Suppose -3*i - 22 = -4*i. Let x(o) = o**2 - 2*o + 42. Calculate the remainder when x(0) is divided by i.
20
Suppose 4*a + 12 = 4*p - 36, 2*p + 3*a - 19 = 0. What is the remainder when 31 is divided by p?
9
Suppose -40 = 3*g - 8*g. Let b = -6 + g. Suppose -5*v + q = -19, -2*v - 4*q = -v + 13. Calculate the remainder when v is divided by b.
1
Let m = 52 + 7. Let r = m + -17. What is the remainder when r is divided by -5*(1 + 54/(-10))?
20
Suppose 3*r + 12 = 4*r. Let q be 3 + (-6)/4*-2. Let a(w) = w**3 - 4*w**2 - 5*w - 7. What is the remainder when a(q) is divided by r?
11
Let l(d) = d**3 - 7*d**2 + 8*d - 3. Calculate the remainder when 26 is divided by l(6).
8
Let t(h) = h**2 + 4*h. Calculate the remainder when 22 is divided by t(-6).
10
Let t(s) = 11*s**2 + s. Suppose 2*c - 2*m - 168 = -3*c, 139 = 4*c + 3*m. Calculate the remainder when c is divided by t(1).
10
Let g = 6 - 4. Suppose f - g*f + 55 = 0. What is the remainder when f is divided by 14?
13
Suppose -2*p - 8 = 4*d, -3*p + 4 - 2 = -d. Let w be (d/(-3))/(6/225). Let o = 46 - w. What is the remainder when o is divided by 11?
10
Calculate the remainder when ((-98)/6 + 1)*-3 is divided by 25.
21
Suppose 33 = -4*v - 23. Let m = v + 22. Suppose 5*t - m = 3*t. What is the remainder when 7 is divided by t?
3
Let s = -5 - -8. Suppose s*h = h + 26. Calculate the remainder when 50 is divided by h.
11
Let g(b) = 12*b**2 - 1. Let k be g(-1). Let y = k - -2. Suppose -q = -4*q + 15, 0 = 5*c - 2*q - 180. Calculate the remainder when c is divided by y.
12
Suppose -2*j = 4 - 2. Let k be (-3 - -5)/(j/48). Let m = 144 + k. What is the remainder when m is divided by 17?
14
Let y(z) = -z**2 - 5*z + 14. Let t be y(-7). Suppose d + t*d - 19 = 0. Calculate the remainder when 75 is divided by d.
18
Let y = 6 - 18. What is the remainder when 3*((-37)/(-3))/1 is divided by y/66 - 211/(-11)?
18
Let g(c) = c**3 - 13*c**2 + 12*c. Let s be g(12). Suppose 4*x - 4*w - 152 = s, 2*w - w + 72 = 2*x. What is the remainder when x is divided by 18?
16
Let d(l) = -l**2 + 9*l - 15. Calculate the remainder when 7 is divided by d(6).
1
Let u(q) = q**2 + 4*q - 3. Let b be u(-6). Let m = b + -3. Suppose 5*p + 11 = 61. What is the remainder when p is divided by m?
4
Let i be ((-4)/(-2))/1 - -36. Suppose i = s + 2*x, -3*s - 3*x + 114 = -x. Calculate the remainder when s is divided by 13.
12
Suppose -2*c + 6 + 8 = 0. Suppose -11 = 3*m + 4. Let a = -2 - m. What is the remainder when c is divided by a?
1
Let b = 57 + -25. What is the remainder when 127 is divided by b?
31